{"id":103,"date":"2021-06-15T16:12:04","date_gmt":"2021-06-15T14:12:04","guid":{"rendered":"https:\/\/s.idsl.pl\/?page_id=103"},"modified":"2021-06-15T16:12:04","modified_gmt":"2021-06-15T14:12:04","slug":"uczelnia","status":"publish","type":"page","link":"https:\/\/s.idsl.pl\/?page_id=103","title":{"rendered":"Uczelnia"},"content":{"rendered":"<div>Studia prowadzone s\u0105 w EUROPEJSKIEJ UCZELNI W WARSZAWIE.<\/div>\n<div><\/div>\n<div><b>Podstawy prawne<\/b><\/div>\n<div>Europejska Uczelnia w Warszawie funkcjonuje na podstawie Ustawy z dnia 20 lipca 2018\u00a0r. Prawo o szkolnictwie wy\u017cszym i nauce (Dz. U. 2020, poz. 85, 374, 695, 875) oraz decyzji Ministra Nauki i\u00a0Szkolnictwa Wy\u017cszego nr DSW\u20132\u201301\u20134001\u201398\/06\/07. Jest wpisana do Ewidencji uczelni niepublicznych (POLON) pod pozycj\u0105 340. Uczelnia dzia\u0142a od 2007 roku kontynuuj\u0105c tradycje dzia\u0142alno\u015bci edukacyjnej prowadzonej od 1987 r.<\/div>\n<div>Zgodnie z Konstytucj\u0105 RP, Uczelnia jest autonomiczna na zasadach okre\u015blonych w Ustawie.<\/div>\n<div>Uczelnia funkcjonuje w oparciu o Statut Uczelni, kt\u00f3ry ustanawia jej organizacj\u0119, organy i spos\u00f3b prowadzenia dzia\u0142alno\u015bci w ramach okre\u015blonych przez Ustaw\u0119.<\/div>\n<div>Uczelnia funkcjonuje w ramach systemu szkolnictwa wy\u017cszego i nauki w Polsce, kt\u00f3rego misj\u0105 (zgodnie z Art. 2 Ustawy) jest prowadzenie najwy\u017cszej jako\u015bci kszta\u0142cenia oraz dzia\u0142alno\u015bci naukowej, kszta\u0142towanie postaw obywatelskich, a tak\u017ce uczestnictwo w rozwoju spo\u0142ecznym oraz tworzeniu gospodarki opartej na innowacjach.<\/div>\n<div>Zasady funkcjonowania uczelni dodatkowo okre\u015blone s\u0105 przez uchwa\u0142y Senatu i zarz\u0105dzenia wydane przez Rektora.<\/div>\n<div>Studia \/ kszta\u0142cenie jest prowadzone wed\u0142ug zasad okre\u015blonych w Regulaminie studi\u00f3w \/ kszta\u0142cenia wed\u0142ug program\u00f3w i plan\u00f3w studi\u00f3w \/ kszta\u0142cenia okre\u015blonych przez Senat uczelni.<\/div>\n<div><\/div>\n<div><b>Wizja i Misja Uczelni<\/b><\/div>\n<div><b>Uczelnia dzia\u0142a wed\u0142ug koncepcji mikro uniwersytetu<\/b>, prowadzi badania naukowe i kszta\u0142cenie zorientowane praktycznie, zwi\u0105zane z dziedzinami: nauk humanistycznych (j\u0119zykoznawstwo, literaturoznawstwo, nauki o kulturze i religii), nauk in\u017cynieryjno-technicznych (informatyka techniczna i\u00a0telekomunikacja), nauk spo\u0142ecznych (ekonomia i finanse, nauki o polityce i administracji, nauki o zarz\u0105dzaniu i\u00a0jako\u015bci, nauki prawne, pedagogika) i nauk \u015bcis\u0142ych i przyrodniczych (matematyka, informatyka).<\/div>\n<div><\/div>\n<div><b>Misj\u0105 Uczelni jest<\/b>\u00a0prowadzenie studi\u00f3w, kt\u00f3re kszta\u0142c\u0105 wysoko wykwalifikowanych i kompetentnych zawodowo absolwent\u00f3w \u2013 \u015bwiadomych i \u015bwiat\u0142ych obywateli \u2013 cz\u0142onk\u00f3w spo\u0142eczno\u015bci lokalnych i wirtualnych oraz obywateli naszego kraju, Europy i \u015awiata, kt\u00f3rzy znajd\u0105 zatrudnienie w biznesie, administracji, edukacji i w innych kluczowych obszarach naszej cywilizacji.<\/div>\n<div><\/div>\n<div><b>Uczelnia realizuje nowoczesne programy studi\u00f3w ukierunkowane praktycznie,<\/b>\u00a0zorientowane na przygotowanie absolwent\u00f3w do wykonywania pracy w zawodzie w kraju i za granic\u0105. Programy i spos\u00f3b ich realizacji s\u0105 przyjazne dla student\u00f3w, ze szczeg\u00f3lnym zwr\u00f3ceniem uwagi na spos\u00f3b nauczania przedmiot\u00f3w, kt\u00f3re studenci innych uczelni uwa\u017caj\u0105 za trudne! Programy specjalno\u015bci realizowane s\u0105 tak, aby maksymalnie zwi\u0119kszy\u0107 warto\u015b\u0107 zawodow\u0105 absolwenta.<\/div>\n<div>Dok\u0142adamy wszelkich stara\u0144, aby Studenci zostali przygotowani do zmieniaj\u0105cych si\u0119 wyzwa\u0144 dzisiejszego rynku pracy i z tego powodu podj\u0119li\u015bmy decyzj\u0119 o wyborze praktycznego profilu kszta\u0142cenia, co poci\u0105ga za sob\u0105 organizacj\u0119 zaj\u0119\u0107 w niewielkich grupach oraz ich warsztatowy charakter, a tak\u017ce du\u017co zaj\u0119\u0107 praktycznych, w tym praktyk zawodowych. Dzi\u0119ki temu mo\u017cemy zagwarantowa\u0107 naszym Studentom komfort kszta\u0142cenia i jego wysok\u0105 jako\u015b\u0107 oraz praktyczn\u0105 przydatno\u015b\u0107 nabytej wiedzy i\u00a0 umiej\u0119tno\u015bci.<\/div>\n<div><\/div>\n<div><b>Uczelnia prowadzi badania naukowe i prace rozwojowe<\/b>\u00a0na zasadach komercyjnych oraz upowszechniania (non profit) osi\u0105gni\u0119cia nauki.<\/div>\n<div>W\u0142adze Uczelni za priorytety stawiaj\u0105 sobie: doskonalenie sposobu funkcjonowania Uczelni oraz jej dalszy rozw\u00f3j, w\u00a0tym rozw\u00f3j dziedzin nauki reprezentowanych w Uczelni, rozw\u00f3j kadry naukowo-dydaktycznej, intensyfikowanie wsp\u00f3\u0142pracy naukowej z o\u015brodkami akademickimi w kraju i za granic\u0105, a tak\u017ce prowadzenie bada\u0144 naukowych w formie projekt\u00f3w samodzielnych oraz podejmowanych wsp\u00f3lnie z jednostkami innych uczelni.<\/div>\n<div><\/div>\n<div><b>Uczelnia organizuje konferencje i sympozja naukowe krajowe i mi\u0119dzynarodowe<\/b>\u00a0samodzielnie i we wsp\u00f3\u0142pracy z partnerami zagranicznymi \u2013 uczelniami\u00a0 i instytucjami naukowymi z Europy, USA, Rosji, Bia\u0142orusi i Ukrainy, z kt\u00f3rymi posiada umowy o wsp\u00f3\u0142pracy.<\/div>\n<div><\/div>\n<div><b>Uczelnia prowadzi dzia\u0142alno\u015b\u0107 wydawnicz\u0105<\/b>. Wydaje monografie naukowe i podr\u0119czniki dla student\u00f3w oraz periodyki \u2013 \u201eStudia i Materia\u0142y&#8221; oraz \u201eDylematy&#8221;. Ponad to, wydawane s\u0105 materia\u0142y prokonferencyjne i informatory o prowadzonych studiach i innych formach kszta\u0142cenia.<\/div>\n","protected":false},"excerpt":{"rendered":"<p>Studia prowadzone s\u0105 w EUROPEJSKIEJ UCZELNI W WARSZAWIE. Podstawy prawne Europejska Uczelnia w Warszawie funkcjonuje na podstawie Ustawy z dnia<\/p>\n<p><a href=\"https:\/\/s.idsl.pl\/?page_id=103\" class=\"more-link\">Kontynuuj czytanie<span class=\"screen-reader-text\">Uczelnia<\/span><\/a><\/p>\n","protected":false},"author":1,"featured_media":0,"parent":0,"menu_order":0,"comment_status":"closed","ping_status":"closed","template":"","meta":{"footnotes":""},"class_list":["post-103","page","type-page","status-publish","hentry"],"_links":{"self":[{"href":"https:\/\/s.idsl.pl\/index.php?rest_route=\/wp\/v2\/pages\/103","targetHints":{"allow":["GET"]}}],"collection":[{"href":"https:\/\/s.idsl.pl\/index.php?rest_route=\/wp\/v2\/pages"}],"about":[{"href":"https:\/\/s.idsl.pl\/index.php?rest_route=\/wp\/v2\/types\/page"}],"author":[{"embeddable":true,"href":"https:\/\/s.idsl.pl\/index.php?rest_route=\/wp\/v2\/users\/1"}],"replies":[{"embeddable":true,"href":"https:\/\/s.idsl.pl\/index.php?rest_route=%2Fwp%2Fv2%2Fcomments&post=103"}],"version-history":[{"count":1,"href":"https:\/\/s.idsl.pl\/index.php?rest_route=\/wp\/v2\/pages\/103\/revisions"}],"predecessor-version":[{"id":104,"href":"https:\/\/s.idsl.pl\/index.php?rest_route=\/wp\/v2\/pages\/103\/revisions\/104"}],"wp:attachment":[{"href":"https:\/\/s.idsl.pl\/index.php?rest_route=%2Fwp%2Fv2%2Fmedia&parent=103"}],"curies":[{"name":"wp","href":"https:\/\/api.w.org\/{rel}","templated":true}]}}