{"id":127,"date":"2021-06-15T16:56:46","date_gmt":"2021-06-15T14:56:46","guid":{"rendered":"https:\/\/s.idsl.pl\/?page_id=127"},"modified":"2021-06-15T16:56:46","modified_gmt":"2021-06-15T14:56:46","slug":"anglistyka-filologia-angielska","status":"publish","type":"page","link":"https:\/\/s.idsl.pl\/?page_id=127","title":{"rendered":"Anglistyka (Filologia angielska)"},"content":{"rendered":"<h1>Studia I stopnia (licencjackie)<\/h1>\n<h2>Anglistyka (Filologia angielska)<\/h2>\n<h3><a name=\"_Toc66846309\"><\/a><a name=\"_Toc66791928\"><\/a>OG\u00d3LNA CHARAKTERYSTYKA<\/h3>\n<p>Specjalno\u015b\u0107 na studiach lingwistycznych I\u00a0stopnia o\u00a0profilu praktycznym ze\u00a0specjalizacjami przeznaczona dla os\u00f3b zainteresowanych j\u0119zykiem i kultur\u0105 obszaru tego j\u0119zyka.<\/p>\n<h3>PROFIL ABSOLWENTA<\/h3>\n<p>Profil absolwenta zale\u017cy od\u00a0wybranego j\u0119zyka dodatkowego i\u00a0specjalizacji, w\u00a0tym r\u00f3wnie\u017c od\u00a0zrealizowanych przedmiot\u00f3w do\u00a0wyboru oraz\u00a0od\u00a0odbytych praktyk zawodowych i\u00a0projektu dyplomowego, wykonanego pod\u00a0kierunkiem opiekuna (promotora).<\/p>\n<h3><a name=\"_Toc66846312\"><\/a><a name=\"_Toc66791931\"><\/a>OFEROWANE J\u0118ZYKI DODATKOWE I\u00a0OPCJE<\/h3>\n<p>Aktualnie oferujemy nast\u0119puj\u0105ce j\u0119zyki dodatkowe:<\/p>\n<ul>\n<li>niemiecki<\/li>\n<li>francuski<\/li>\n<li>w\u0142oski<\/li>\n<li>hiszpa\u0144ski<\/li>\n<li>rosyjski<\/li>\n<\/ul>\n<p>Ww. j\u0119zyki dodatkowe s\u0105 oferowane r\u00f3wnie\u017c w\u00a0opcji \u201eod zera\u201d \u2013 dla os\u00f3b bez\u00a0znajomo\u015bci j\u0119zyka dodatkowego.<\/p>\n<h3>OFEROWANE SPECJALIZACJE<\/h3>\n<p>Aktualnie oferujemy nast\u0119puj\u0105ce specjalizacje dla ka\u017cdego wybranego przez\u00a0kandydata j\u0119zyka wiod\u0105cego:<\/p>\n<ul>\n<li>Nauczyciel j\u0119zyka obcego<\/li>\n<li>T\u0142umacz tekst\u00f3w specjalistycznych<\/li>\n<\/ul>\n<p>Wyb\u00f3r specjalizacji nast\u0119puje pod\u00a0koniec 4.\u00a0semestru studi\u00f3w.<\/p>\n<h3><a name=\"_Toc66846315\"><\/a>TEMATYKA ZAJ\u0118\u0106<\/h3>\n<p>Tematyka zaj\u0119\u0107 dla ka\u017cdej z\u00a0oferowanych specjalno\u015bci obejmuje wybrane zagadnienia z\u00a0takich obszar\u00f3w, jak: praktyczna nauka j\u0119zyka podstawowego, j\u0119zyk dodatkowy, psychologia\/filozofia, pedagogika\/socjologia, \u0142acina\/j\u0119zyk staro-cerkiewno-s\u0142owia\u0144ski, emisji g\u0142osu i\u00a0komunikacja spo\u0142eczna, literatura powszechna, j\u0119zykoznawstwo, fonetyka i\u00a0fonologia j\u0119zyka wiod\u0105cego, gramatyka opisowa j\u0119zyka wiod\u0105cego, gramatyka kontrastywna, semantyka i\u00a0pragmatyka, historia j\u0119zyka wiod\u0105cego, fonetyka praktyczna j\u0119zyka wiod\u0105cego, historia literatury obszaru j\u0119zyka wiod\u0105cego, kultura obszaru j\u0119zyka wiod\u0105cego, teoria komunikacji j\u0119zykowej itp.<\/p>\n<p>Ponadto, tematyka zaj\u0119\u0107 specjalizacyjnych obejmuje:<\/p>\n<h4>SPECJALIZACJA NAUCZYCIEL J\u0118ZYKA OBCEGO<\/h4>\n<ul>\n<li>Wsp\u00f3\u0142czesne problemy edukacji cz\u0142owieka<\/li>\n<li>System edukacji w\u00a0Polsce<\/li>\n<li>Podstawy kszta\u0142cenia<\/li>\n<li>Podstawy wychowania<\/li>\n<li>Pedagogika przedszkolna i\u00a0szkolna<\/li>\n<li>Podstawy dydaktyki<\/li>\n<li>Dydaktyka j\u0119zyka<\/li>\n<li>Metodyka nauczania j\u0119zyka wiod\u0105cego<\/li>\n<\/ul>\n<p>Uko\u0144czenie specjalizacji nauczycielskiej umo\u017cliwia podj\u0119cie pracy w\u00a0szko\u0142ach publicznych w\u00a0charakterze nauczyciela.<\/p>\n<h4>T\u0141UMACZ TEKST\u00d3W SPECJALISTYCZNYCH<\/h4>\n<ul>\n<li>Warsztaty ze\u00a0s\u0142ownictwa bran\u017cowego<\/li>\n<li>Translatoryka praktyczna<\/li>\n<li>Specyfika i\u00a0etyka pracy t\u0142umacza<\/li>\n<li>T\u0142umaczenie pisemne tekst\u00f3w og\u00f3lnych<\/li>\n<li>Computer aided translation<\/li>\n<li>T\u0142umaczenie tekst\u00f3w bran\u017cowych<\/li>\n<\/ul>\n<p>Uko\u0144czenie specjalizacji t\u0142umaczeniowej umo\u017cliwia podj\u0119cie pracy w\u00a0charakterze t\u0142umacza.<\/p>\n<h3>MO\u017bLIWO\u015aCI ZATRUDNIENIA ABSOLWENTA<\/h3>\n<p>W zale\u017cno\u015bci od\u00a0uko\u0144czonej specjalizacji absolwent studi\u00f3w I\u00a0stopnia na\u00a0kierunku Filologia o\u00a0profilu praktycznym b\u0119dzie m\u00f3g\u0142 by\u0107 zatrudniony:<\/p>\n<h4>SPECJALIZACJA NAUCZYCIEL J\u0118ZYKA OBCEGO<\/h4>\n<p>Absolwenci kierunku Filologia specjalizacji nauczanie j\u0119zyka posiadaj\u0105 praktyczn\u0105 znajomo\u015b\u0107 j\u0119zyka specjalno\u015bci na\u00a0poziomie C1, co umo\u017cliwia prac\u0119 w szko\u0142ach publicznych. Ponadto, mog\u0105 by\u0107 zatrudnieni w\u00a0szko\u0142ach j\u0119zykowych, podejmowa\u0107 prac\u0119 w ramach w\u0142asnej dzia\u0142alno\u015bci gospodarczej, \u0142\u0105czy\u0107 prac\u0119 t\u0142umacza z\u00a0prac\u0105 nauczyciela lub korepetytora.<\/p>\n<p>Program kszta\u0142cenia na\u00a0kierunku Filologia specjalizacja nauczycielska zosta\u0142 opracowany tak, aby uwzgl\u0119dnia\u0142 standardy kszta\u0142cenia przygotowuj\u0105ce do\u00a0wykonywania zawodu nauczyciela, zawarte w Rozporz\u0105dzeniu Ministra Nauki i Szkolnictwa Wy\u017cszego z dnia 25 lipca 2019 r. w sprawie standardu kszta\u0142cenia przygotowuj\u0105cego do wykonywania zawodu nauczyciela.<\/p>\n<h4>T\u0141UMACZ TEKST\u00d3W SPECJALISTYCZNYCH<\/h4>\n<p>Absolwenci kierunku Filologia specjalizacji t\u0142umaczeniowej posiadaj\u0105 praktyczn\u0105 znajomo\u015b\u0107 j\u0119zyka specjalno\u015bci na\u00a0poziomie C1. Posiadaj\u0105 kwalifikacje umo\u017cliwiaj\u0105ce podj\u0119cie pracy t\u0142umacza j\u0119zyka specjalno\u015bci w\u00a0przedstawicielstwach firm lub firmach wsp\u00f3\u0142pracuj\u0105cych z\u00a0krajami danego obszaru j\u0119zykowego. Mog\u0105 znale\u017a\u0107 zatrudnienie m.in.\u00a0w\u00a0charakterze: redaktora, korektora w\u00a0wydawnictwach, pracownika medi\u00f3w, pracownika s\u0142u\u017cb celnych, stra\u017cy granicznej lub s\u0142u\u017cb dyplomatycznych (po\u00a0odpowiednim przeszkoleniu), pracownika biur podr\u00f3\u017cy, firm spedycyjnych, przewo\u017anik\u00f3w promowych. Uko\u0144czenie studi\u00f3w na\u00a0kierunku Filologia specjalizacja t\u0142umaczeniowa gwarantuje studentom bieg\u0142e opanowanie j\u0119zyka, zdobycie i\u00a0ugruntowanie umiej\u0119tno\u015bci translatorskich.<\/p>\n","protected":false},"excerpt":{"rendered":"<p>Studia I stopnia (licencjackie) Anglistyka (Filologia angielska) OG\u00d3LNA CHARAKTERYSTYKA Specjalno\u015b\u0107 na studiach lingwistycznych I\u00a0stopnia o\u00a0profilu praktycznym ze\u00a0specjalizacjami przeznaczona dla os\u00f3b<\/p>\n<p><a href=\"https:\/\/s.idsl.pl\/?page_id=127\" class=\"more-link\">Kontynuuj czytanie<span class=\"screen-reader-text\">Anglistyka (Filologia angielska)<\/span><\/a><\/p>\n","protected":false},"author":1,"featured_media":0,"parent":0,"menu_order":0,"comment_status":"closed","ping_status":"closed","template":"","meta":{"footnotes":""},"class_list":["post-127","page","type-page","status-publish","hentry"],"_links":{"self":[{"href":"https:\/\/s.idsl.pl\/index.php?rest_route=\/wp\/v2\/pages\/127","targetHints":{"allow":["GET"]}}],"collection":[{"href":"https:\/\/s.idsl.pl\/index.php?rest_route=\/wp\/v2\/pages"}],"about":[{"href":"https:\/\/s.idsl.pl\/index.php?rest_route=\/wp\/v2\/types\/page"}],"author":[{"embeddable":true,"href":"https:\/\/s.idsl.pl\/index.php?rest_route=\/wp\/v2\/users\/1"}],"replies":[{"embeddable":true,"href":"https:\/\/s.idsl.pl\/index.php?rest_route=%2Fwp%2Fv2%2Fcomments&post=127"}],"version-history":[{"count":1,"href":"https:\/\/s.idsl.pl\/index.php?rest_route=\/wp\/v2\/pages\/127\/revisions"}],"predecessor-version":[{"id":128,"href":"https:\/\/s.idsl.pl\/index.php?rest_route=\/wp\/v2\/pages\/127\/revisions\/128"}],"wp:attachment":[{"href":"https:\/\/s.idsl.pl\/index.php?rest_route=%2Fwp%2Fv2%2Fmedia&parent=127"}],"curies":[{"name":"wp","href":"https:\/\/api.w.org\/{rel}","templated":true}]}}