{"id":165,"date":"2021-06-16T14:44:59","date_gmt":"2021-06-16T12:44:59","guid":{"rendered":"https:\/\/s.idsl.pl\/?page_id=165"},"modified":"2021-06-16T14:44:59","modified_gmt":"2021-06-16T12:44:59","slug":"rusycystyka-filologia-rosyjska-2","status":"publish","type":"page","link":"https:\/\/s.idsl.pl\/?page_id=165","title":{"rendered":"Rusycystyka (Filologia rosyjska)"},"content":{"rendered":"<h2><a name=\"_Toc74475301\"><\/a>Rusycystyka (Filologia rosyjska)<\/h2>\n<h3>OG\u00d3LNA CHARAKTERYSTYKA<\/h3>\n<p>Specjalno\u015b\u0107 na studiach II\u00a0stopnia o\u00a0profilu praktycznym ze\u00a0specjalizacjami przeznaczona dla os\u00f3b zainteresowanych j\u0119zykiem i kultur\u0105 obszaru tego j\u0119zyka.<\/p>\n<h3>PROFIL ABSOLWENTA<\/h3>\n<p>Profil absolwenta zale\u017cy od\u00a0specjalizacji, a tak\u017ce od odbytych praktyk zawodowych i zrealizowanego\u00a0projektu dyplomowego, wykonanego pod\u00a0kierunkiem opiekuna (promotora).<\/p>\n<h3>OFEROWANE SPECJALIZACJE<\/h3>\n<p>Aktualnie oferujemy nast\u0119puj\u0105ce specjalizacje:<\/p>\n<ul>\n<li>Lektor<\/li>\n<li>T\u0142umacz<\/li>\n<\/ul>\n<p>Wyb\u00f3r specjalizacji nast\u0119puje pod\u00a0koniec 2.\u00a0semestru studi\u00f3w.<\/p>\n<h3>TEMATYKA ZAJ\u0118\u0106<\/h3>\n<h4>SPECJALIZACJA LEKTOR<\/h4>\n<p>Przedmioty wchodz\u0105ce w sk\u0142ad specjalizacji:<\/p>\n<ul>\n<li>Dydaktyka nauczania j\u0119zyka obcego<\/li>\n<li>Warsztaty \u2013 nowoczesne technologie w nauczaniu j\u0119zyk\u00f3w obcych<\/li>\n<li>Dydaktyka nauczania j\u0119zyka polskiego jako j\u0119zyka obcego<\/li>\n<\/ul>\n<h4>SPECJALIZACJA T\u0141UMACZ<\/h4>\n<p>Przedmioty wchodz\u0105ce w sk\u0142ad specjalizacji:<\/p>\n<ul>\n<li>Translatoryka<\/li>\n<li>Warsztaty \u2013 nowoczesne technologie w t\u0142umaczeniach<\/li>\n<li>Kultura i stylistyka j\u0119zyka polskiego<\/li>\n<\/ul>\n<h3>PERSPEKTYWA ZAWODOWA<\/h3>\n<h4>SPECJALIZACJA LEKTOR<\/h4>\n<p>Lektor, nauczyciel, trener j\u0119zyka obcego, j\u0119zyka polskiego jako j\u0119zyka obcego itp.<\/p>\n<h4>SPECJALIZACJA T\u0141UMACZ<\/h4>\n<p>T\u0142umacz, t\u0142umacz literatury, t\u0142umacz przysi\u0119g\u0142y (po zdaniu egzaminu kwalifikacyjnego).<\/p>\n","protected":false},"excerpt":{"rendered":"<p>Rusycystyka (Filologia rosyjska) OG\u00d3LNA CHARAKTERYSTYKA Specjalno\u015b\u0107 na studiach II\u00a0stopnia o\u00a0profilu praktycznym ze\u00a0specjalizacjami przeznaczona dla os\u00f3b zainteresowanych j\u0119zykiem i kultur\u0105 obszaru<\/p>\n<p><a href=\"https:\/\/s.idsl.pl\/?page_id=165\" class=\"more-link\">Kontynuuj czytanie<span class=\"screen-reader-text\">Rusycystyka (Filologia rosyjska)<\/span><\/a><\/p>\n","protected":false},"author":1,"featured_media":0,"parent":0,"menu_order":0,"comment_status":"closed","ping_status":"closed","template":"","meta":{"footnotes":""},"class_list":["post-165","page","type-page","status-publish","hentry"],"_links":{"self":[{"href":"https:\/\/s.idsl.pl\/index.php?rest_route=\/wp\/v2\/pages\/165","targetHints":{"allow":["GET"]}}],"collection":[{"href":"https:\/\/s.idsl.pl\/index.php?rest_route=\/wp\/v2\/pages"}],"about":[{"href":"https:\/\/s.idsl.pl\/index.php?rest_route=\/wp\/v2\/types\/page"}],"author":[{"embeddable":true,"href":"https:\/\/s.idsl.pl\/index.php?rest_route=\/wp\/v2\/users\/1"}],"replies":[{"embeddable":true,"href":"https:\/\/s.idsl.pl\/index.php?rest_route=%2Fwp%2Fv2%2Fcomments&post=165"}],"version-history":[{"count":1,"href":"https:\/\/s.idsl.pl\/index.php?rest_route=\/wp\/v2\/pages\/165\/revisions"}],"predecessor-version":[{"id":166,"href":"https:\/\/s.idsl.pl\/index.php?rest_route=\/wp\/v2\/pages\/165\/revisions\/166"}],"wp:attachment":[{"href":"https:\/\/s.idsl.pl\/index.php?rest_route=%2Fwp%2Fv2%2Fmedia&parent=165"}],"curies":[{"name":"wp","href":"https:\/\/api.w.org\/{rel}","templated":true}]}}